{"id":123,"date":"2023-06-22T14:37:00","date_gmt":"2023-06-22T14:37:00","guid":{"rendered":"https:\/\/ortegaortegaabogados.com.zegendia.com\/wordpress\/?page_id=123"},"modified":"2023-06-23T22:44:35","modified_gmt":"2023-06-23T22:44:35","slug":"blogger","status":"publish","type":"page","link":"https:\/\/www.ortegaortegaabogados.com\/index.php\/blogger\/","title":{"rendered":"Blog"},"content":{"rendered":"\n<div class=\"wp-block-columns alignfull is-layout-flex wp-container-core-columns-is-layout-1 wp-block-columns-is-layout-flex\">\n<div class=\"wp-block-column is-vertically-aligned-center is-layout-flow wp-block-column-is-layout-flow\"> <div class=\"blogsqode-blog-wrap\">\r\n\t \t\t<div class=\"selected-layout layout-2 post-grid-3\">\r\n\t \t\t\t\t\t<div class=\"blogsqode-post-item\">\r\n\t\t\t<div class=\"blogsqode-post-item-inner\">\r\n\t\t\t\t<div class=\"blog-thumbnail-wrap layout-2 \" style=\"background-image: url('');\">\r\n\t\t\t\t\t<h5 class=\"blogsqode_post_cat\">Entrevistas<\/h5>\t\t\t\t<\/div>\r\n\r\n\t\t\t\t<div class=\"content\">\r\n\t\t\t\t\t<h2 class=\"blogsqode_post_title\"><a href=\"https:\/\/www.ortegaortegaabogados.com\/index.php\/2026\/04\/21\/juristas-ecuador\/\">Juristas Ecuador<\/a><\/h2>\r\n\r\n\t\t\t\t\t<p class=\"blogsqode_post_sort_desc\">\n\n<\/p><a href=https:\/\/www.ortegaortegaabogados.com\/index.php\/2026\/04\/21\/juristas-ecuador\/ class=\"blogsqode_read_more_button blogsqode-rmlayout-3 fillDisable \">Read More<\/a>\t\t\t\t\t<div class=\"bottom\">\r\n\t\t\t\t\t\t<div class=\"blogsqode-author-wrap\">\r\n\t\t\t\t\t\t\t \r\n\t\t\t\t\t\t\t<div class=\"blogsqode-authorname-date\">\r\n\t\t\t\t\t\t\t\t<p class=\"blogsqode-post-date\">abril 21, 2026<\/p>\t\t\t\t\t\t\t<\/div>\r\n\t\t\t\t\t\t<\/div>\r\n\t\t\t\t\t\t\t\t\t\t\t<\/div>\r\n\t\t\t\t<\/div>\r\n\t\t\t<\/div>\r\n\t\t<\/div>\r\n\t\t\t\t<div class=\"blogsqode-post-item\">\r\n\t\t\t<div class=\"blogsqode-post-item-inner\">\r\n\t\t\t\t<div class=\"blog-thumbnail-wrap layout-2 \" style=\"background-image: url('');\">\r\n\t\t\t\t\t<h5 class=\"blogsqode_post_cat\">Entrevistas<\/h5>\t\t\t\t<\/div>\r\n\r\n\t\t\t\t<div class=\"content\">\r\n\t\t\t\t\t<h2 class=\"blogsqode_post_title\"><a href=\"https:\/\/www.ortegaortegaabogados.com\/index.php\/2026\/04\/21\/concusion\/\">Concusi\u00f3n<\/a><\/h2>\r\n\r\n\t\t\t\t\t<p class=\"blogsqode_post_sort_desc\">\nORTEGA&amp;ORTEGA ABOGADOS \n\n\n\n\n<\/p><a href=https:\/\/www.ortegaortegaabogados.com\/index.php\/2026\/04\/21\/concusion\/ class=\"blogsqode_read_more_button blogsqode-rmlayout-3 fillDisable \">Read More<\/a>\t\t\t\t\t<div class=\"bottom\">\r\n\t\t\t\t\t\t<div class=\"blogsqode-author-wrap\">\r\n\t\t\t\t\t\t\t \r\n\t\t\t\t\t\t\t<div class=\"blogsqode-authorname-date\">\r\n\t\t\t\t\t\t\t\t<p class=\"blogsqode-post-date\">abril 21, 2026<\/p>\t\t\t\t\t\t\t<\/div>\r\n\t\t\t\t\t\t<\/div>\r\n\t\t\t\t\t\t\t\t\t\t\t<\/div>\r\n\t\t\t\t<\/div>\r\n\t\t\t<\/div>\r\n\t\t<\/div>\r\n\t\t\t\t<div class=\"blogsqode-post-item\">\r\n\t\t\t<div class=\"blogsqode-post-item-inner\">\r\n\t\t\t\t<div class=\"blog-thumbnail-wrap layout-2 \" style=\"background-image: url('https:\/\/www.ortegaortegaabogados.com\/wp-content\/uploads\/2026\/03\/Captura-de-pantalla-2026-03-25-a-las-3.57.56\u202fp.-m.png');\">\r\n\t\t\t\t\t<h5 class=\"blogsqode_post_cat\">Entrevistas<\/h5>\t\t\t\t<\/div>\r\n\r\n\t\t\t\t<div class=\"content\">\r\n\t\t\t\t\t<h2 class=\"blogsqode_post_title\"><a href=\"https:\/\/www.ortegaortegaabogados.com\/index.php\/2026\/03\/25\/de-donde-proviene-el-millon-de-dolares-rtu\/\">De d\u00f3nde proviene el mill\u00f3n de d\u00f3lares- RTU<\/a><\/h2>\r\n\r\n\t\t\t\t\t<p class=\"blogsqode_post_sort_desc\">\n\n<\/p><a href=https:\/\/www.ortegaortegaabogados.com\/index.php\/2026\/03\/25\/de-donde-proviene-el-millon-de-dolares-rtu\/ class=\"blogsqode_read_more_button blogsqode-rmlayout-3 fillDisable \">Read More<\/a>\t\t\t\t\t<div class=\"bottom\">\r\n\t\t\t\t\t\t<div class=\"blogsqode-author-wrap\">\r\n\t\t\t\t\t\t\t \r\n\t\t\t\t\t\t\t<div class=\"blogsqode-authorname-date\">\r\n\t\t\t\t\t\t\t\t<p class=\"blogsqode-post-date\">marzo 25, 2026<\/p>\t\t\t\t\t\t\t<\/div>\r\n\t\t\t\t\t\t<\/div>\r\n\t\t\t\t\t\t\t\t\t\t\t<\/div>\r\n\t\t\t\t<\/div>\r\n\t\t\t<\/div>\r\n\t\t<\/div>\r\n\t\t\t\t<div class=\"blogsqode-post-item\">\r\n\t\t\t<div class=\"blogsqode-post-item-inner\">\r\n\t\t\t\t<div class=\"blog-thumbnail-wrap layout-2 \" style=\"background-image: url('https:\/\/www.ortegaortegaabogados.com\/wp-content\/uploads\/2024\/01\/WhatsApp-Image-2024-03-20-at-10.46.25.jpeg');\">\r\n\t\t\t\t\t<h5 class=\"blogsqode_post_cat\">Entrevistas<\/h5>\t\t\t\t<\/div>\r\n\r\n\t\t\t\t<div class=\"content\">\r\n\t\t\t\t\t<h2 class=\"blogsqode_post_title\"><a href=\"https:\/\/www.ortegaortegaabogados.com\/index.php\/2026\/03\/25\/entrevista-con-boscan\/\">Entrevista con Boscan<\/a><\/h2>\r\n\r\n\t\t\t\t\t<p class=\"blogsqode_post_sort_desc\">\n\n\n\n\n\nhttps:\/\/www.youtube.com\/live\/0pjglvrq62Y?si=BVk6EbEjnW-l1Dq3\n\n<\/p><a href=https:\/\/www.ortegaortegaabogados.com\/index.php\/2026\/03\/25\/entrevista-con-boscan\/ class=\"blogsqode_read_more_button blogsqode-rmlayout-3 fillDisable \">Read More<\/a>\t\t\t\t\t<div class=\"bottom\">\r\n\t\t\t\t\t\t<div class=\"blogsqode-author-wrap\">\r\n\t\t\t\t\t\t\t \r\n\t\t\t\t\t\t\t<div class=\"blogsqode-authorname-date\">\r\n\t\t\t\t\t\t\t\t<p class=\"blogsqode-post-date\">marzo 25, 2026<\/p>\t\t\t\t\t\t\t<\/div>\r\n\t\t\t\t\t\t<\/div>\r\n\t\t\t\t\t\t\t\t\t\t\t<\/div>\r\n\t\t\t\t<\/div>\r\n\t\t\t<\/div>\r\n\t\t<\/div>\r\n\t\t\t\t<div class=\"blogsqode-post-item\">\r\n\t\t\t<div class=\"blogsqode-post-item-inner\">\r\n\t\t\t\t<div class=\"blog-thumbnail-wrap layout-2 \" style=\"background-image: url('https:\/\/www.ortegaortegaabogados.com\/wp-content\/uploads\/2026\/03\/Captura-de-pantalla-2026-03-25-a-las-3.48.59\u202fp.-m.png');\">\r\n\t\t\t\t\t<h5 class=\"blogsqode_post_cat\">Entrevistas<\/h5>\t\t\t\t<\/div>\r\n\r\n\t\t\t\t<div class=\"content\">\r\n\t\t\t\t\t<h2 class=\"blogsqode_post_title\"><a href=\"https:\/\/www.ortegaortegaabogados.com\/index.php\/2026\/03\/25\/misterio-del-millon-de-dolares-notimundo-a-la-carta\/\">Misterio del Mill\u00f3n de D\u00f3lares- NOTIMUNDO a la Carta<\/a><\/h2>\r\n\r\n\t\t\t\t\t<p class=\"blogsqode_post_sort_desc\">\n\n<\/p><a href=https:\/\/www.ortegaortegaabogados.com\/index.php\/2026\/03\/25\/misterio-del-millon-de-dolares-notimundo-a-la-carta\/ class=\"blogsqode_read_more_button blogsqode-rmlayout-3 fillDisable \">Read More<\/a>\t\t\t\t\t<div class=\"bottom\">\r\n\t\t\t\t\t\t<div class=\"blogsqode-author-wrap\">\r\n\t\t\t\t\t\t\t \r\n\t\t\t\t\t\t\t<div class=\"blogsqode-authorname-date\">\r\n\t\t\t\t\t\t\t\t<p class=\"blogsqode-post-date\">marzo 25, 2026<\/p>\t\t\t\t\t\t\t<\/div>\r\n\t\t\t\t\t\t<\/div>\r\n\t\t\t\t\t\t\t\t\t\t\t<\/div>\r\n\t\t\t\t<\/div>\r\n\t\t\t<\/div>\r\n\t\t<\/div>\r\n\t\t\t\t<div class=\"blogsqode-post-item\">\r\n\t\t\t<div class=\"blogsqode-post-item-inner\">\r\n\t\t\t\t<div class=\"blog-thumbnail-wrap layout-2 \" style=\"background-image: url('https:\/\/www.ortegaortegaabogados.com\/wp-content\/uploads\/2026\/03\/Captura-de-pantalla-2026-03-25-a-las-3.44.44\u202fp.-m.png');\">\r\n\t\t\t\t\t<h5 class=\"blogsqode_post_cat\">Entrevistas<\/h5>\t\t\t\t<\/div>\r\n\r\n\t\t\t\t<div class=\"content\">\r\n\t\t\t\t\t<h2 class=\"blogsqode_post_title\"><a href=\"https:\/\/www.ortegaortegaabogados.com\/index.php\/2026\/03\/25\/incautamente-millon-de-dolares-ecuavisa\/\">Incautamente mill\u00f3n de d\u00f3lares- Ecuavisa<\/a><\/h2>\r\n\r\n\t\t\t\t\t<p class=\"blogsqode_post_sort_desc\">\n\n\n\n\n\n<\/p><a href=https:\/\/www.ortegaortegaabogados.com\/index.php\/2026\/03\/25\/incautamente-millon-de-dolares-ecuavisa\/ class=\"blogsqode_read_more_button blogsqode-rmlayout-3 fillDisable \">Read More<\/a>\t\t\t\t\t<div class=\"bottom\">\r\n\t\t\t\t\t\t<div class=\"blogsqode-author-wrap\">\r\n\t\t\t\t\t\t\t \r\n\t\t\t\t\t\t\t<div class=\"blogsqode-authorname-date\">\r\n\t\t\t\t\t\t\t\t<p class=\"blogsqode-post-date\">marzo 25, 2026<\/p>\t\t\t\t\t\t\t<\/div>\r\n\t\t\t\t\t\t<\/div>\r\n\t\t\t\t\t\t\t\t\t\t\t<\/div>\r\n\t\t\t\t<\/div>\r\n\t\t\t<\/div>\r\n\t\t<\/div>\r\n\t\t\t\t<div class=\"blogsqode-post-item\">\r\n\t\t\t<div class=\"blogsqode-post-item-inner\">\r\n\t\t\t\t<div class=\"blog-thumbnail-wrap layout-2 \" style=\"background-image: url('https:\/\/www.ortegaortegaabogados.com\/wp-content\/uploads\/2026\/03\/Captura-de-pantalla-2026-03-25-a-las-3.41.10\u202fp.-m.png');\">\r\n\t\t\t\t\t<h5 class=\"blogsqode_post_cat\">Entrevistas<\/h5>\t\t\t\t<\/div>\r\n\r\n\t\t\t\t<div class=\"content\">\r\n\t\t\t\t\t<h2 class=\"blogsqode_post_title\"><a href=\"https:\/\/www.ortegaortegaabogados.com\/index.php\/2026\/03\/25\/entrevista-millon-de-dolares-teleamazonas\/\">Entrevista Mill\u00f3n de D\u00f3lares- Teleamazonas<\/a><\/h2>\r\n\r\n\t\t\t\t\t<p class=\"blogsqode_post_sort_desc\">\n\n<\/p><a href=https:\/\/www.ortegaortegaabogados.com\/index.php\/2026\/03\/25\/entrevista-millon-de-dolares-teleamazonas\/ class=\"blogsqode_read_more_button blogsqode-rmlayout-3 fillDisable \">Read More<\/a>\t\t\t\t\t<div class=\"bottom\">\r\n\t\t\t\t\t\t<div class=\"blogsqode-author-wrap\">\r\n\t\t\t\t\t\t\t \r\n\t\t\t\t\t\t\t<div class=\"blogsqode-authorname-date\">\r\n\t\t\t\t\t\t\t\t<p class=\"blogsqode-post-date\">marzo 25, 2026<\/p>\t\t\t\t\t\t\t<\/div>\r\n\t\t\t\t\t\t<\/div>\r\n\t\t\t\t\t\t\t\t\t\t\t<\/div>\r\n\t\t\t\t<\/div>\r\n\t\t\t<\/div>\r\n\t\t<\/div>\r\n\t\t\t\t<div class=\"blogsqode-post-item\">\r\n\t\t\t<div class=\"blogsqode-post-item-inner\">\r\n\t\t\t\t<div class=\"blog-thumbnail-wrap layout-2 \" style=\"background-image: url('https:\/\/www.ortegaortegaabogados.com\/wp-content\/uploads\/2026\/03\/WhatsApp-Image-2026-03-13-at-15.15.57.jpeg');\">\r\n\t\t\t\t\t<h5 class=\"blogsqode_post_cat\">Entrevistas<\/h5>\t\t\t\t<\/div>\r\n\r\n\t\t\t\t<div class=\"content\">\r\n\t\t\t\t\t<h2 class=\"blogsqode_post_title\"><a href=\"https:\/\/www.ortegaortegaabogados.com\/index.php\/2026\/03\/17\/dirigencia-deportiva-y-jurisprudencia\/\">Dirigencia Deportiva y Jurisprudencia<\/a><\/h2>\r\n\r\n\t\t\t\t\t<p class=\"blogsqode_post_sort_desc\">\nEn Radio Ondas Pichincha \n\n\n\n\nhttps:\/\/www.youtube.com\/live\/1Fev7LDS1Fc?si=2L6Pmp5TJ_BhQwhv\n\n<\/p><a href=https:\/\/www.ortegaortegaabogados.com\/index.php\/2026\/03\/17\/dirigencia-deportiva-y-jurisprudencia\/ class=\"blogsqode_read_more_button blogsqode-rmlayout-3 fillDisable \">Read More<\/a>\t\t\t\t\t<div class=\"bottom\">\r\n\t\t\t\t\t\t<div class=\"blogsqode-author-wrap\">\r\n\t\t\t\t\t\t\t \r\n\t\t\t\t\t\t\t<div class=\"blogsqode-authorname-date\">\r\n\t\t\t\t\t\t\t\t<p class=\"blogsqode-post-date\">marzo 17, 2026<\/p>\t\t\t\t\t\t\t<\/div>\r\n\t\t\t\t\t\t<\/div>\r\n\t\t\t\t\t\t\t\t\t\t\t<\/div>\r\n\t\t\t\t<\/div>\r\n\t\t\t<\/div>\r\n\t\t<\/div>\r\n\t\t\t\t<div class=\"blogsqode-post-item\">\r\n\t\t\t<div class=\"blogsqode-post-item-inner\">\r\n\t\t\t\t<div class=\"blog-thumbnail-wrap layout-2 \" style=\"background-image: url('https:\/\/www.ortegaortegaabogados.com\/wp-content\/uploads\/2026\/03\/Captura-de-pantalla-2026-03-12-a-las-10.27.32\u202fa.-m.png');\">\r\n\t\t\t\t\t<h5 class=\"blogsqode_post_cat\">Entrevistas<\/h5>\t\t\t\t<\/div>\r\n\r\n\t\t\t\t<div class=\"content\">\r\n\t\t\t\t\t<h2 class=\"blogsqode_post_title\"><a href=\"https:\/\/www.ortegaortegaabogados.com\/index.php\/2026\/03\/12\/pensamiento-critico-nuevo-fiscal-general\/\">Pensamiento cr\u00edtico Elecci\u00f3n Nuevo Fiscal General del Estado<\/a><\/h2>\r\n\r\n\t\t\t\t\t<p class=\"blogsqode_post_sort_desc\">\nLa entrevista realizada en La Nueva Rep\u00fablica\n\n\n\n\nhttps:\/\/www.youtube.com\/watch?v=m0lCfFzimBQ\n\n<\/p><a href=https:\/\/www.ortegaortegaabogados.com\/index.php\/2026\/03\/12\/pensamiento-critico-nuevo-fiscal-general\/ class=\"blogsqode_read_more_button blogsqode-rmlayout-3 fillDisable \">Read More<\/a>\t\t\t\t\t<div class=\"bottom\">\r\n\t\t\t\t\t\t<div class=\"blogsqode-author-wrap\">\r\n\t\t\t\t\t\t\t \r\n\t\t\t\t\t\t\t<div class=\"blogsqode-authorname-date\">\r\n\t\t\t\t\t\t\t\t<p class=\"blogsqode-post-date\">marzo 12, 2026<\/p>\t\t\t\t\t\t\t<\/div>\r\n\t\t\t\t\t\t<\/div>\r\n\t\t\t\t\t\t\t\t\t\t\t<\/div>\r\n\t\t\t\t<\/div>\r\n\t\t\t<\/div>\r\n\t\t<\/div>\r\n\t\t\t\t<div class=\"blogsqode-post-item\">\r\n\t\t\t<div class=\"blogsqode-post-item-inner\">\r\n\t\t\t\t<div class=\"blog-thumbnail-wrap layout-2 \" style=\"background-image: url('https:\/\/www.ortegaortegaabogados.com\/wp-content\/uploads\/2026\/02\/Captura-de-pantalla-2026-02-20-a-las-12.20.39\u202fp.-m.png');\">\r\n\t\t\t\t\t<h5 class=\"blogsqode_post_cat\">Entrevistas<\/h5>\t\t\t\t<\/div>\r\n\r\n\t\t\t\t<div class=\"content\">\r\n\t\t\t\t\t<h2 class=\"blogsqode_post_title\"><a href=\"https:\/\/www.ortegaortegaabogados.com\/index.php\/2026\/02\/20\/contratacion-estatal-y-crimen-organizado-noticiero-mundo-diblu\/\">Contrataci\u00f3n estatal y Crimen Organizado &#8211; Noticiero Mundo DIBLU<\/a><\/h2>\r\n\r\n\t\t\t\t\t<p class=\"blogsqode_post_sort_desc\">\n\n\n\n\n\nhttps:\/\/www.youtube.com\/watch?v=ebDrsjmqeSU\n\n<\/p><a href=https:\/\/www.ortegaortegaabogados.com\/index.php\/2026\/02\/20\/contratacion-estatal-y-crimen-organizado-noticiero-mundo-diblu\/ class=\"blogsqode_read_more_button blogsqode-rmlayout-3 fillDisable \">Read More<\/a>\t\t\t\t\t<div class=\"bottom\">\r\n\t\t\t\t\t\t<div class=\"blogsqode-author-wrap\">\r\n\t\t\t\t\t\t\t \r\n\t\t\t\t\t\t\t<div class=\"blogsqode-authorname-date\">\r\n\t\t\t\t\t\t\t\t<p class=\"blogsqode-post-date\">febrero 20, 2026<\/p>\t\t\t\t\t\t\t<\/div>\r\n\t\t\t\t\t\t<\/div>\r\n\t\t\t\t\t\t\t\t\t\t\t<\/div>\r\n\t\t\t\t<\/div>\r\n\t\t\t<\/div>\r\n\t\t<\/div>\r\n\t\t\t\t<div class=\"blogsqode-post-item\">\r\n\t\t\t<div class=\"blogsqode-post-item-inner\">\r\n\t\t\t\t<div class=\"blog-thumbnail-wrap layout-2 \" style=\"background-image: url('https:\/\/www.ortegaortegaabogados.com\/wp-content\/uploads\/2026\/02\/Captura-de-pantalla-2026-02-20-a-las-12.17.13\u202fp.-m.png');\">\r\n\t\t\t\t\t<h5 class=\"blogsqode_post_cat\">Uncategorized<\/h5>\t\t\t\t<\/div>\r\n\r\n\t\t\t\t<div class=\"content\">\r\n\t\t\t\t\t<h2 class=\"blogsqode_post_title\"><a href=\"https:\/\/www.ortegaortegaabogados.com\/index.php\/2026\/02\/20\/justicia-en-el-ecuador-fm-mundo\/\">Justicia en el Ecuador &#8211; FM MUNDO<\/a><\/h2>\r\n\r\n\t\t\t\t\t<p class=\"blogsqode_post_sort_desc\">\n\nhttps:\/\/www.youtube.com\/watch?v=f-hyejfui1s\n\n<\/p><a href=https:\/\/www.ortegaortegaabogados.com\/index.php\/2026\/02\/20\/justicia-en-el-ecuador-fm-mundo\/ class=\"blogsqode_read_more_button blogsqode-rmlayout-3 fillDisable \">Read More<\/a>\t\t\t\t\t<div class=\"bottom\">\r\n\t\t\t\t\t\t<div class=\"blogsqode-author-wrap\">\r\n\t\t\t\t\t\t\t \r\n\t\t\t\t\t\t\t<div class=\"blogsqode-authorname-date\">\r\n\t\t\t\t\t\t\t\t<p class=\"blogsqode-post-date\">febrero 20, 2026<\/p>\t\t\t\t\t\t\t<\/div>\r\n\t\t\t\t\t\t<\/div>\r\n\t\t\t\t\t\t\t\t\t\t\t<\/div>\r\n\t\t\t\t<\/div>\r\n\t\t\t<\/div>\r\n\t\t<\/div>\r\n\t\t\t\t<div class=\"blogsqode-post-item\">\r\n\t\t\t<div class=\"blogsqode-post-item-inner\">\r\n\t\t\t\t<div class=\"blog-thumbnail-wrap layout-2 \" style=\"background-image: url('https:\/\/www.ortegaortegaabogados.com\/wp-content\/uploads\/2026\/02\/Captura-de-pantalla-2026-02-03-a-las-11.20.00\u202fa.-m.png');\">\r\n\t\t\t\t\t<h5 class=\"blogsqode_post_cat\">Entrevistas<\/h5>\t\t\t\t<\/div>\r\n\r\n\t\t\t\t<div class=\"content\">\r\n\t\t\t\t\t<h2 class=\"blogsqode_post_title\"><a href=\"https:\/\/www.ortegaortegaabogados.com\/index.php\/2026\/02\/03\/juicio-politico-contra-mario-godoy-la-nueva-republica\/\">Juicio Pol\u00edtico contra Mario Godoy &#8211; La Nueva Rep\u00fablica<\/a><\/h2>\r\n\r\n\t\t\t\t\t<p class=\"blogsqode_post_sort_desc\">\n\nhttps:\/\/www.youtube.com\/watch?v=eXgOzuwFHxs&amp;list=PLa35sGZY-HJ8ZOXnG41FR6hmcgIF_4KqK\n\n<\/p><a href=https:\/\/www.ortegaortegaabogados.com\/index.php\/2026\/02\/03\/juicio-politico-contra-mario-godoy-la-nueva-republica\/ class=\"blogsqode_read_more_button blogsqode-rmlayout-3 fillDisable \">Read More<\/a>\t\t\t\t\t<div class=\"bottom\">\r\n\t\t\t\t\t\t<div class=\"blogsqode-author-wrap\">\r\n\t\t\t\t\t\t\t \r\n\t\t\t\t\t\t\t<div class=\"blogsqode-authorname-date\">\r\n\t\t\t\t\t\t\t\t<p class=\"blogsqode-post-date\">febrero 3, 2026<\/p>\t\t\t\t\t\t\t<\/div>\r\n\t\t\t\t\t\t<\/div>\r\n\t\t\t\t\t\t\t\t\t\t\t<\/div>\r\n\t\t\t\t<\/div>\r\n\t\t\t<\/div>\r\n\t\t<\/div>\r\n\t\t\t \t\t<\/div>\r\n\t \t\t<\/div> <div class=\"blogsqode-navigation paginate-layout-3\"><ul>\n<li class=active><a href=\"https:\/\/www.ortegaortegaabogados.com\/index.php\/wp-json\/wp\/v2\/pages\/123\/\"><span class=paginate3><\/span> 1<\/a><\/li>\n<li><a href=\"https:\/\/www.ortegaortegaabogados.com\/index.php\/wp-json\/wp\/v2\/pages\/123\/page\/2\/\"><span class=paginate3><\/span> 2<\/a><\/li>\n<li><a href=\"https:\/\/www.ortegaortegaabogados.com\/index.php\/wp-json\/wp\/v2\/pages\/123\/page\/3\/\"><span class=paginate3><\/span> 3<\/a><\/li>\n<li>\u2026<\/li>\n<li><a href=\"https:\/\/www.ortegaortegaabogados.com\/index.php\/wp-json\/wp\/v2\/pages\/123\/page\/7\/\"><span class=paginate3><\/span> 7<\/a><\/li>\n<li><a class=\"blogsqode_next_link\" href=\"https:\/\/www.ortegaortegaabogados.com\/index.php\/wp-json\/wp\/v2\/pages\/123\/page\/2\/\"><span class=paginate3><\/span><\/a><\/li>\n<\/ul><\/div>\n\n<\/div>\n<\/div>\n","protected":false},"excerpt":{"rendered":"","protected":false},"author":1,"featured_media":0,"parent":0,"menu_order":0,"comment_status":"closed","ping_status":"closed","template":"","meta":{"_eb_attr":"","footnotes":""},"_links":{"self":[{"href":"https:\/\/www.ortegaortegaabogados.com\/index.php\/wp-json\/wp\/v2\/pages\/123"}],"collection":[{"href":"https:\/\/www.ortegaortegaabogados.com\/index.php\/wp-json\/wp\/v2\/pages"}],"about":[{"href":"https:\/\/www.ortegaortegaabogados.com\/index.php\/wp-json\/wp\/v2\/types\/page"}],"author":[{"embeddable":true,"href":"https:\/\/www.ortegaortegaabogados.com\/index.php\/wp-json\/wp\/v2\/users\/1"}],"replies":[{"embeddable":true,"href":"https:\/\/www.ortegaortegaabogados.com\/index.php\/wp-json\/wp\/v2\/comments?post=123"}],"version-history":[{"count":13,"href":"https:\/\/www.ortegaortegaabogados.com\/index.php\/wp-json\/wp\/v2\/pages\/123\/revisions"}],"predecessor-version":[{"id":291,"href":"https:\/\/www.ortegaortegaabogados.com\/index.php\/wp-json\/wp\/v2\/pages\/123\/revisions\/291"}],"wp:attachment":[{"href":"https:\/\/www.ortegaortegaabogados.com\/index.php\/wp-json\/wp\/v2\/media?parent=123"}],"curies":[{"name":"wp","href":"https:\/\/api.w.org\/{rel}","templated":true}]}}